{"id":388,"date":"2019-03-19T11:48:36","date_gmt":"2019-03-19T10:48:36","guid":{"rendered":"http:\/\/usedchiller.eu\/?post_type=product&#038;p=388"},"modified":"2019-03-19T12:39:31","modified_gmt":"2019-03-19T11:39:31","slug":"gea-lf-pb-292-ltr-dry-cooler","status":"publish","type":"product","link":"https:\/\/usedchiller.eu\/index.php\/produkt\/gea-lf-pb-292-ltr-dry-cooler\/","title":{"rendered":"GEA LF-PB, 292 ltr., Dry cooler"},"content":{"rendered":"<p>Tischk\u00fchler, Trockenk\u00fchler, R\u00fcckk\u00fchler, GEA LF-PB105K3-091E000, incl. Drehzahl und Temperaturregelung, Baujahr 2014, 5&#215;1700 W, 292 ltr., 7,8&#215;2,3&#215;1,86 m, 1675kg<\/p>\n","protected":false},"excerpt":{"rendered":"<p>Type:\u00a0\u00a0\u00a0\u00a0\u00a0\u00a0\u00a0\u00a0\u00a0\u00a0\u00a0\u00a0\u00a0\u00a0\u00a0\u00a0\u00a0\u00a0\u00a0\u00a0\u00a0\u00a0\u00a0\u00a0\u00a0\u00a0\u00a0\u00a0\u00a0\u00a0\u00a0 Dry Cooler<\/p>\n<p>Manufacturer:\u00a0\u00a0\u00a0\u00a0\u00a0\u00a0\u00a0\u00a0\u00a0\u00a0\u00a0\u00a0\u00a0\u00a0\u00a0\u00a0\u00a0\u00a0 GEA<\/p>\n<p>Model:\u00a0\u00a0\u00a0\u00a0\u00a0\u00a0\u00a0\u00a0\u00a0\u00a0\u00a0\u00a0\u00a0\u00a0\u00a0\u00a0\u00a0\u00a0\u00a0\u00a0\u00a0\u00a0\u00a0\u00a0\u00a0\u00a0 \u00a0 LF-PB105K3-091E000<\/p>\n<p>Capacity:\u00a0\u00a0\u00a0\u00a0\u00a0\u00a0\u00a0\u00a0\u00a0\u00a0\u00a0\u00a0\u00a0\u00a0\u00a0\u00a0\u00a0\u00a0\u00a0 \u00a0\u00a0 \u00a0 5&#215;1700 W<\/p>\n<p>Construction year:\u00a0\u00a0\u00a0\u00a0\u00a0\u00a0\u00a0\u00a0 \u00a0 2014<\/p>\n","protected":false},"featured_media":389,"template":"","meta":{"spay_email":"","jetpack_publicize_message":""},"jetpack_publicize_connections":[],"jetpack_sharing_enabled":true,"_links":{"self":[{"href":"https:\/\/usedchiller.eu\/index.php\/wp-json\/wp\/v2\/product\/388"}],"collection":[{"href":"https:\/\/usedchiller.eu\/index.php\/wp-json\/wp\/v2\/product"}],"about":[{"href":"https:\/\/usedchiller.eu\/index.php\/wp-json\/wp\/v2\/types\/product"}],"wp:featuredmedia":[{"embeddable":true,"href":"https:\/\/usedchiller.eu\/index.php\/wp-json\/wp\/v2\/media\/389"}],"wp:attachment":[{"href":"https:\/\/usedchiller.eu\/index.php\/wp-json\/wp\/v2\/media?parent=388"}],"curies":[{"name":"wp","href":"https:\/\/api.w.org\/{rel}","templated":true}]}}